{"id":714,"date":"2020-01-04T10:04:27","date_gmt":"2020-01-04T10:04:27","guid":{"rendered":"http:\/\/aytomonsagro.es\/?page_id=714"},"modified":"2021-06-02T11:16:38","modified_gmt":"2021-06-02T11:16:38","slug":"contrataciones","status":"publish","type":"page","link":"https:\/\/aytoelmaillo.org\/?page_id=714","title":{"rendered":"Contrataciones"},"content":{"rendered":"<p><a href=\"http:\/\/aytoelmaillo.org\/?p=1016\">Bases para la contrataci\u00f3n de Conductor de cami\u00f3n autobomba verano 2021<\/a><\/p>\n<p><a href=\"http:\/\/aytoelmaillo.org\/wp-content\/uploads\/2020\/01\/BASES-PEON-ABRIL.pdf\" target=\"_blank\" rel=\"noopener noreferrer\">Bases para la selecci\u00f3n y contrataci\u00f3n del personal de pe\u00f3n de obras<\/a><\/p>\n<p><a href=\"http:\/\/aytoelmaillo.org\/wp-content\/uploads\/2021\/04\/el-maillo-elex.jpg\">(AVISO) El Ma\u00edllo, 14 julio 2020.- Contrataciones de personas con discapacidad para el Ayuntamiento de El Ma\u00edllo<\/a><\/p>\n<p>\u00a0<\/p>\n\n\n<p><\/p>\n","protected":false},"excerpt":{"rendered":"<p>Bases para la contrataci\u00f3n de Conductor de cami\u00f3n autobomba verano 2021 Bases para la selecci\u00f3n y contrataci\u00f3n del personal de pe\u00f3n de obras (AVISO) El Ma\u00edllo, 14 julio 2020.- Contrataciones de personas con discapacidad para el Ayuntamiento de El Ma\u00edllo \u00a0<\/p>\n","protected":false},"author":1,"featured_media":0,"parent":0,"menu_order":0,"comment_status":"closed","ping_status":"closed","template":"","meta":{"footnotes":""},"_links":{"self":[{"href":"https:\/\/aytoelmaillo.org\/index.php?rest_route=\/wp\/v2\/pages\/714"}],"collection":[{"href":"https:\/\/aytoelmaillo.org\/index.php?rest_route=\/wp\/v2\/pages"}],"about":[{"href":"https:\/\/aytoelmaillo.org\/index.php?rest_route=\/wp\/v2\/types\/page"}],"author":[{"embeddable":true,"href":"https:\/\/aytoelmaillo.org\/index.php?rest_route=\/wp\/v2\/users\/1"}],"replies":[{"embeddable":true,"href":"https:\/\/aytoelmaillo.org\/index.php?rest_route=%2Fwp%2Fv2%2Fcomments&post=714"}],"version-history":[{"count":6,"href":"https:\/\/aytoelmaillo.org\/index.php?rest_route=\/wp\/v2\/pages\/714\/revisions"}],"predecessor-version":[{"id":1021,"href":"https:\/\/aytoelmaillo.org\/index.php?rest_route=\/wp\/v2\/pages\/714\/revisions\/1021"}],"wp:attachment":[{"href":"https:\/\/aytoelmaillo.org\/index.php?rest_route=%2Fwp%2Fv2%2Fmedia&parent=714"}],"curies":[{"name":"wp","href":"https:\/\/api.w.org\/{rel}","templated":true}]}}

<p><a href="http://aytoelmaillo.org/?p=1016">Bases para la contratación de Conductor de camión autobomba verano 2021</a></p>
<p><a href="http://aytoelmaillo.org/wp-content/uploads/2020/01/BASES-PEON-ABRIL.pdf" target="_blank" rel="noopener noreferrer">Bases para la selección y contratación del personal de peón de obras</a></p>
<p><a href="http://aytoelmaillo.org/wp-content/uploads/2021/04/el-maillo-elex.jpg">(AVISO) El Maíllo, 14 julio 2020.- Contrataciones de personas con discapacidad para el Ayuntamiento de El Maíllo</a></p>
<p> </p>


<p></p>

<p>Bases para la contratación de Conductor de camión autobomba verano 2021 Bases para la selección y contratación del personal de peón de obras (AVISO) El Maíllo, 14 julio 2020.- Contrataciones de personas con discapacidad para el Ayuntamiento de El Maíllo  </p>
